{"id":994,"date":"2026-02-26T22:42:15","date_gmt":"2026-02-26T21:42:15","guid":{"rendered":"https:\/\/www.lerheunouveaucitoyen.org\/?page_id=994"},"modified":"2026-02-26T22:42:15","modified_gmt":"2026-02-26T21:42:15","slug":"les-commercants-rue-nationale","status":"publish","type":"page","link":"https:\/\/www.lerheunouveaucitoyen.org\/index.php\/les-commercants-rue-nationale\/","title":{"rendered":"Les commer\u00e7ants rue Nationale"},"content":{"rendered":"\n<figure class=\"wp-block-embed is-type-video is-provider-youtube wp-block-embed-youtube wp-embed-aspect-9-16 wp-has-aspect-ratio\"><div class=\"wp-block-embed__wrapper\">\n<iframe loading=\"lazy\" title=\"Les commerces rue Nationale aux Landes - Alain L&#039;Hostis et Muriel Le Devehat\" width=\"563\" height=\"1000\" src=\"https:\/\/www.youtube.com\/embed\/kPxtK7UaYsc?feature=oembed\" frameborder=\"0\" allow=\"accelerometer; autoplay; clipboard-write; encrypted-media; gyroscope; picture-in-picture; web-share\" referrerpolicy=\"strict-origin-when-cross-origin\" allowfullscreen><\/iframe>\n<\/div><\/figure>\n\n\n\n<p><img loading=\"lazy\" decoding=\"async\" height=\"16\" width=\"16\" alt=\"\ud83c\udfea\" src=\"https:\/\/static.xx.fbcdn.net\/images\/emoji.php\/v9\/t46\/2\/16\/1f3ea.png\"> Une commune doit se pr\u00e9occuper de ses commer\u00e7ants <img loading=\"lazy\" decoding=\"async\" height=\"16\" width=\"16\" alt=\"\ud83e\udd1d\" src=\"https:\/\/static.xx.fbcdn.net\/images\/emoji.php\/v9\/t3\/2\/16\/1f91d.png\"><\/p>\n\n\n\n<p>Nos entreprises locales sont le c\u0153ur de notre ville. Nous devons :<\/p>\n\n\n\n<p>-Am\u00e9liorer l\u2019attractivit\u00e9 de notre commune.<\/p>\n\n\n\n<p>-Cr\u00e9er du lien social durable.<\/p>\n\n\n\n<p>Ensemble, avan\u00e7ons pour notre commune ! <img loading=\"lazy\" decoding=\"async\" height=\"16\" width=\"16\" alt=\"\ud83e\udd1d\" src=\"https:\/\/static.xx.fbcdn.net\/images\/emoji.php\/v9\/t3\/2\/16\/1f91d.png\"><\/p>\n\n\n\n<p><img loading=\"lazy\" decoding=\"async\" height=\"16\" width=\"16\" alt=\"\ud83d\udcac\" src=\"https:\/\/static.xx.fbcdn.net\/images\/emoji.php\/v9\/td\/2\/16\/1f4ac.png\"> Quelles sont vos priorit\u00e9s pour notre ville ?<\/p>\n","protected":false},"excerpt":{"rendered":"<p>Une commune doit se pr\u00e9occuper de ses commer\u00e7ants Nos entreprises locales sont le c\u0153ur de notre ville. Nous devons : -Am\u00e9liorer l\u2019attractivit\u00e9 de notre commune. -Cr\u00e9er du lien social durable. Ensemble, avan\u00e7ons pour notre commune ! Quelles sont vos priorit\u00e9s pour notre ville ?<\/p>\n","protected":false},"author":1,"featured_media":0,"parent":0,"menu_order":0,"comment_status":"closed","ping_status":"closed","template":"","meta":{"footnotes":""},"class_list":["post-994","page","type-page","status-publish","hentry"],"_links":{"self":[{"href":"https:\/\/www.lerheunouveaucitoyen.org\/index.php\/wp-json\/wp\/v2\/pages\/994","targetHints":{"allow":["GET"]}}],"collection":[{"href":"https:\/\/www.lerheunouveaucitoyen.org\/index.php\/wp-json\/wp\/v2\/pages"}],"about":[{"href":"https:\/\/www.lerheunouveaucitoyen.org\/index.php\/wp-json\/wp\/v2\/types\/page"}],"author":[{"embeddable":true,"href":"https:\/\/www.lerheunouveaucitoyen.org\/index.php\/wp-json\/wp\/v2\/users\/1"}],"replies":[{"embeddable":true,"href":"https:\/\/www.lerheunouveaucitoyen.org\/index.php\/wp-json\/wp\/v2\/comments?post=994"}],"version-history":[{"count":3,"href":"https:\/\/www.lerheunouveaucitoyen.org\/index.php\/wp-json\/wp\/v2\/pages\/994\/revisions"}],"predecessor-version":[{"id":997,"href":"https:\/\/www.lerheunouveaucitoyen.org\/index.php\/wp-json\/wp\/v2\/pages\/994\/revisions\/997"}],"wp:attachment":[{"href":"https:\/\/www.lerheunouveaucitoyen.org\/index.php\/wp-json\/wp\/v2\/media?parent=994"}],"curies":[{"name":"wp","href":"https:\/\/api.w.org\/{rel}","templated":true}]}}